*o**2 - 9*o - 105. Let v be w(-7). What is the greatest common divisor of v and m?
14
Let z(y) = 2*y + 6. Let h be z(6). Suppose -v - 5*p - 6 = h, -2*p + 140 = -4*v. Let o be 4*2*v/(-8). Calculate the greatest common divisor of 51 and o.
17
Let t(y) = -y**2 - 9*y - 1. Let v be t(-4). Let k = 4 + -1. Suppose 2*m = k*s - 67, -5*m - 127 + 45 = -3*s. What is the highest common factor of v and s?
19
Let z be 11 + -15 - (-228)/1. What is the greatest common factor of 84 and z?
28
Let i = -345 + 770. What is the greatest common divisor of 17 and i?
17
Let j(a) = a**2 + 2*a - 26. Let n(t) = t**2 - 11*t + 3. Let y be n(10). Let s be j(y). Calculate the highest common factor of s and 72.
9
Suppose -33 = -3*h + 15. Suppose 3*l = 3*f - 278 + 140, 0 = -4*l + 8. What is the greatest common divisor of h and f?
16
Let q = 266 - 211. What is the highest common divisor of q and 77?
11
Suppose 5*i = -29*i + 12750. Calculate the highest common factor of i and 25.
25
Let x(t) = -4 + 1 - 1 - 2*t. Let c be ((-10)/4)/(0 - 6/(-12)). Let n be x(c). Calculate the greatest common divisor of n and 54.
6
Let x = 4 + -1. Let q(g) = -3*g + 9. Let d be q(5). Let u(h) = -h**2 - 7*h - 3. Let p be u(d). What is the greatest common factor of x and p?
3
Suppose -10*c = -6*c - 12. Suppose -2*b = 6, -b - 111 = -c*u + 4*b. Suppose -u = -5*w + 3. Calculate the highest common factor of w and 14.
7
Suppose 5*t - 1748 = -2*f + 182, 0 = -3*t - 2*f + 1158. Let g = t - 272. Calculate the highest common factor of 19 and g.
19
Suppose -4*o + 56 = 4*n, -2*n + 2*o = -2*o - 28. What is the greatest common divisor of 63 and n?
7
Let s = -15 + 20. Suppose 0 = s*u + 2*i + 353, -5*u - 503 + 146 = 3*i. Let l = 67 - u. Calculate the greatest common factor of 17 and l.
17
Let o(z) = z**3 + 6*z**2 - 2*z. Let s be o(-5). Let g = -776 - -811. Calculate the highest common factor of g and s.
35
Let m = 8 + 26. Let j = m + -32. What is the highest common factor of 4 and j?
2
Let u(k) be the second derivative of k**3/6 + 15*k**2/2 - 8*k + 4. Let c be u(-7). What is the highest common divisor of 20 and c?
4
Let f(t) = -t**3 - 17*t**2 - 19*t - 12. Let m be f(-16). Suppose c = -3*c + 12. Suppose -1 = -i + c. Calculate the highest common divisor of i and m.
4
Let y = 273 - 261. Suppose 4*a - 519 = -135. What is the greatest common divisor of y and a?
12
Suppose -7*t + 2*t + 150 = 0. Suppose -2*l = -5*j - t, 3*l - 5*l + 2*j + 36 = 0. Suppose -3*v - 2*v + l = 0. Calculate the highest common divisor of v and 12.
4
Let i(n) = -n**2 - 6*n. Let q be i(-5). Suppose 4*s + 5*t - 4 = 0, q*s - 5 = 5*t - 2*t. What is the greatest common divisor of 7 and s?
1
Suppose 6*r - 5*r = 24. Let h = 40 + r. Calculate the highest common divisor of h and 96.
32
Suppose 12*n = m + 14*n - 32, -55 = -2*m - n. Calculate the greatest common factor of m and 91.
13
Let l = 19 + -14. Let q be l - 2 - -2 - -3. Let d be (6/1)/(2/q). Calculate the greatest common factor of d and 48.
24
Suppose -2*w = 4*t - 77 - 189, 2*w = 4*t + 226. Calculate the highest common factor of 656 and w.
41
Suppose 248 = 9*m + 59. Let n = 5 - 1. Suppose n*d - 14 = 2*d. Calculate the greatest common factor of d and m.
7
Suppose 8*r = 3*r + 45. Let k be (8/10)/((r/3)/255). What is the greatest common divisor of k and 17?
17
Let l(b) = b + 24. Let m(h) = h + 47. Let q(a) = 11*l(a) - 6*m(a). Let v be q(7). What is the greatest common divisor of 1 and v?
1
Let s(o) = o**2 - 22*o - 92. Let c be s(26). What is the greatest common divisor of 132 and c?
12
Let s(d) = 12*d**2 - d - 2. Let h = 3 + -1. Let z be s(h). Suppose 0 = 4*p - 6 - 10. What is the greatest common factor of z and p?
4
Let d = -119 + 181. Let z = d + -2. Calculate the greatest common factor of 12 and z.
12
Let o(x) = 3*x**2 + x - 19. Let k be o(4). Suppose 5*l + 4*q = k, 5*l - 4*q - 2 = 3*l. What is the highest common divisor of l and 10?
5
Suppose 34*a - 1480 = 29*a. What is the greatest common divisor of 37 and a?
37
Let b(y) = 2*y**2 + 5*y - 1. Let p be b(4). Let j(n) = -12*n + 118. Let t be j(7). Calculate the greatest common factor of p and t.
17
Let d(l) = -l**2 + 13*l - 19. Let h be d(10). Suppose 0*c = 3*c - 111. Let m = h + c. Calculate the highest common factor of m and 16.
16
Let l = -88 - -97. Let a(i) = i**3 + i**2 - i + 45. Let w be a(0). Calculate the greatest common factor of w and l.
9
Suppose 6*v = v + 4*l - 10, -v - l + 7 = 0. Suppose -w - v*w + 45 = 0. Let s = 18 - w. Calculate the greatest common divisor of s and 24.
3
Let m(k) = k. Let a be m(0). Suppose -d + a = -2. Let f(g) = 28*g - 1. Let p be f(d). What is the highest common divisor of 5 and p?
5
Let d(p) = 2*p - 7. Let f be d(3). Let o = 11 - f. Suppose 144 = 3*b - 0*b. Calculate the highest common factor of o and b.
12
Suppose -5*c - k + 58 = 0, c - 5*k - 46 = -2*c. What is the greatest common factor of c and 204?
12
Let v(z) = -26*z + 12. Let s be v(-3). What is the highest common divisor of s and 27?
9
Let m = 242 + -339. Let y = m + 177. What is the highest common divisor of y and 32?
16
Let g(i) be the first derivative of i**3/3 - i**2 + 14*i - 25. Let u be g(0). Calculate the greatest common factor of u and 14.
14
Suppose 2*m = 4*i + 226, i + 354 = 3*m - 0*i. Let u = m + -68. Calculate the highest common divisor of u and 17.
17
Suppose -11 = -l + 31. Let i = -10 + l. Suppose x - 107 = -i. What is the greatest common divisor of x and 30?
15
Suppose -12*p + 212 = -7*p + 3*z, -2*p + 3*z = -68. What is the highest common divisor of p and 40?
40
Let y(s) = 88*s + 2. Let b be y(1). Calculate the greatest common divisor of b and 18.
18
Let s(o) = -2*o - 2 - 7*o + 4 + 1. Let d be s(-6). Let u = 85 - 66. Calculate the highest common divisor of d and u.
19
Let m = -30 + 47. Let t(a) = a**2 - 13*a + 17. Let i be t(17). Calculate the highest common divisor of m and i.
17
Suppose -3*s - 2*t = -16 - 102, 5*s = -4*t + 198. What is the highest common divisor of s and 2?
2
Let n be -1*(-36 + 1 + 0). Suppose 15 = 2*l + b, 0*b - 4*b - 3 = -l. What is the highest common divisor of l and n?
7
Let o(c) = -3*c**2 + 20*c + 102. Let h be o(8). Calculate the greatest common divisor of h and 310.
10
Let s be 444/11 - (-40)/(-110). What is the highest common factor of 196 and s?
4
Let h(l) = 3*l**2 + 18*l + 15. Let x be h(-13). What is the highest common factor of x and 9?
9
Let b = 164 - -4. Suppose -4*s = -h + 7 + 2, 120 = 5*h + 5*s. Calculate the highest common factor of b and h.
21
Let d(m) = -m**2 + 14*m - 24. Let w be d(5). What is the greatest common factor of 3 and w?
3
Let b be (-1400)/150*492/(-14). Calculate the greatest common divisor of 123 and b.
41
Let x = -458 - -470. Calculate the greatest common factor of x and 960.
12
Suppose 4*o = 4*q - 2520, -5*o + 15 = -10*o. Calculate the greatest common divisor of 38 and q.
19
Let k = 138 - -254. What is the highest common factor of 8 and k?
8
Let g = -291 + 295. Let c(f) be the third derivative of -f**4/24 - 2*f**2. Let r be c(-1). What is the highest common divisor of r and g?
1
Let u be 16/(-3)*(-27)/36. Suppose -u*b = 3*g - 31, -4*b - 5*g + 26 = 1. Calculate the highest common factor of 15 and b.
5
Suppose 3*v = l + 9, 2*l - v + 1 = l. Suppose -l*c + 11 + 15 = -2*h, -5*c + 55 = -h. What is the greatest common factor of c and 96?
12
Let p = 133 + -29. Suppose 0 = z + 3*z - p. Let x = z - 21. What is the greatest common factor of x and 20?
5
Let z be 9 - 603/63 - (-3396)/14. Calculate the greatest common factor of 110 and z.
22
Suppose -4*p = -2*p - 430. Suppose -8*u = -p - 169. Suppose 0*o = -4*w + o + u, -4*w + 44 = -2*o. What is the greatest common divisor of w and 78?
13
Suppose 431 = 4*q + 2*v + 3*v, 2*v = -5*q + 526. Calculate the greatest common factor of 13 and q.
13
Let k be (70/6)/((2/3)/2). Suppose -z + 5*y - 3 = 0, 3 = -4*z - y + 33. Calculate the highest common divisor of k and z.
7
Let d be 37/(2/2) - -2. Let t be (3 + -4)*-36 - -3. Suppose 3*i = 5*f + 39, i + 2*f = 4*i - t. What is the highest common divisor of d and i?
13
Let w(m) = m**2 - 33*m - 62. Let h be w(38). What is the highest common factor of h and 576?
64
Suppose 0 = 7*f - 31*f + 240. Suppose -142 = 3*s - 412. What is the highest common factor of f and s?
10
Suppose 6*a + 38*a - 3432 = 0. What is the greatest commo